p + 3*l - 28. Let v = -9 - -20. Suppose -28 + v = -c. Calculate the remainder when c is divided by p.
7
Suppose -2*d = 5*g - 304, 0*d - 257 = -4*g + 3*d. Calculate the remainder when 179 is divided by g.
55
Suppose 4*t = 8*t + 8. Suppose 4*z = i - 6*i + 60, -10 = 2*z. What is the remainder when 44 - ((-1)/(-1) + t) is divided by i?
13
Let b be (-22100)/28 + 6/21. What is the remainder when 12/9 + b/(-9) is divided by 23?
20
Suppose 5*g = 3*g + 8, 4*g - 26 = -5*w. Suppose 5*v - w*v = 9. What is the remainder when v is divided by 3?
0
Let x(z) = -z**2 - 38*z - 90. Suppose 4*d - d - 9 = 0. Suppose 0*n = -d*n - 4*c + 24, -3*n - 2*c = -24. Calculate the remainder when x(-34) is divided by n.
6
Let j be (-4)/(-10) - (-5694)/65. Suppose 86*h + j = 90*h. What is the remainder when h is divided by 13?
9
Suppose -35*t = 374 - 899. What is the remainder when 944 is divided by t?
14
Suppose 5*t - 28 + 35 = h, 0 = 3*h + 2*t - 38. What is the remainder when 52 is divided by h?
4
Suppose -341 = 26*f - 1849. What is the remainder when 225 is divided by f?
51
Let a = 103 - 103. Suppose -2*m + 37 = -0*g + g, -2*m + 4*g + 62 = a. Calculate the remainder when m is divided by 12.
9
Let c(m) = -2*m**2 + 19*m - 9. Let t be c(9). Suppose p + 0 - 15 = t. Calculate the remainder when 29 is divided by p.
14
Let q(a) = 5*a**3 + a**2 - 1. Let v be q(1). Suppose 0 = v*f - 3*d - 137 + 27, -66 = -4*f - 2*d. What is the remainder when (66 - 159)/((-3)/1) is divided by f?
12
Let j = 505 + -438. What is the remainder when j is divided by 20?
7
Suppose 17*i = 9*i + 72. Calculate the remainder when 88 is divided by i.
7
Suppose 3*a = 330 - 1059. Calculate the remainder when (-151)/(-4) + (-30)/40 is divided by 2/(-8) - a/12.
17
Suppose 0 = 2*y - 2*d - 40, 0 = d + d - 8. What is the remainder when 39 is divided by y?
15
Let a(f) = -6*f - 5. Suppose -9*x = 3608 - 944. Let u = x - -311. What is the remainder when a(-5) is divided by u?
10
Let f(d) = 2*d**2 - 63*d + 35. Calculate the remainder when 115 is divided by f(31).
3
Suppose 2*c + 27 = 33. Suppose 5*k = 3*f - 1 + 4, 5 = -f + c*k. What is the remainder when 33 is divided by f?
1
Let n(k) = 34*k - 20. Let j be n(6). Suppose 530 + j = 17*y. Calculate the remainder when 122 is divided by y.
38
Let h(c) = 2*c**2 + 13*c - 72. What is the remainder when 98 is divided by h(5)?
12
Let a = 15 + -34. Let g = a - -25. Calculate the remainder when 10 is divided by g.
4
Suppose z = -4*i + 22, z - 16 = -3*i - 0*z. Let c be (-316)/(-12) - 2/i. Suppose w - 3*w + c = 0. Calculate the remainder when 23 is divided by w.
10
Let r(i) = -i**3 + 5*i**2 - 4*i + 10. Let u be r(5). What is the remainder when 28 is divided by ((-12)/12)/(1/u)?
8
Let o = 2534 - 2507. Calculate the remainder when 242 is divided by o.
26
Let z(n) = -891*n - 31. Let u be z(2). Calculate the remainder when (-4)/(-18) + (-9)/(567/u) is divided by 7.
1
Let n = 728 - 725. Suppose -2*x = 4 - 46. Suppose 2*v = -v + x. Calculate the remainder when v is divided by n.
1
Let m(r) = -3*r - 8. Let o be m(8). Let i be (o/12)/((-2)/(-12)). Let s = -6 - i. Calculate the remainder when 59 is divided by s.
9
Let t(i) = -45*i - 61. Calculate the remainder when t(-4) is divided by 15.
14
Let u(s) be the second derivative of 43*s**3/6 + 5*s**2/2 - 11*s. What is the remainder when 189 is divided by u(1)?
45
Let r = 28 - 20. Let b(l) = -4*l - 18. Let d(z) = -2*z**2 - 4*z + 4. Let q be d(2). What is the remainder when b(q) is divided by r?
6
Let o(l) = -l**3 - 4*l**2 + 7*l - 5. Let j(h) = -h. Let t be j(-6). Suppose -194 = -t*f + 4*f. Calculate the remainder when f is divided by o(-6).
22
Suppose m - 5*x = -15 + 4, -4*m + x - 63 = 0. Let d = 16 + m. Suppose 6 = a - w - 23, 4*w + 12 = d. What is the remainder when 51 is divided by a?
25
Suppose 5*p + u - 68 = 0, 4*u - 45 - 17 = -5*p. What is the remainder when 9 is divided by 6/21 - (-66)/p?
4
Let i(c) be the third derivative of -c**4/12 + c**3 - 13*c**2. What is the remainder when i(-2) is divided by 5?
0
Suppose 0*h - 3*s + 99 = h, 3*h = 5*s + 367. What is the remainder when h is divided by 23?
22
Suppose 0 = g - 4*f + 31, -5*f + 65 = -4*g + g. Calculate the remainder when ((-16)/5)/(6/g) is divided by 4.
0
Suppose 11 = h - 0*h. Suppose 2*o = 2*r + r + 137, o - 5*r = 79. Suppose s + s = o. What is the remainder when s is divided by h?
10
Suppose -3*j + 10 = -8*j. Let w(x) = -16*x - 11. Calculate the remainder when 79 is divided by w(j).
16
Suppose 4*r + 22 = 22. Suppose 0*m - 4*m + 60 = r. Suppose 5*z - 80 + 315 = 5*o, 0 = 2*z + 10. What is the remainder when o is divided by m?
12
Let g(i) = -i**3 - 16*i**2 - 14*i + 10. Let t be g(-15). Calculate the remainder when 1570/25 - 1/t is divided by 13.
11
Let w be (-100)/(-6)*(63/14 - 3). Suppose 0 = 12*l - w - 23. Calculate the remainder when 14 is divided by l.
2
What is the remainder when ((-2872)/(-14))/((-5)/(-105)*6) is divided by 36?
34
Suppose 2*v - 135 = -3*v. Suppose -83 = -2*f + 77. What is the remainder when f is divided by v?
26
Let z be -2 - -4 - (-1 - 187)/2. Let y = z - 77. What is the remainder when 91 is divided by y?
15
Let q be (-6)/(-2) - 4/(-1). Let i be 6/(-2 - q/(-2)). Suppose -21 = -i*d - 1. Calculate the remainder when d is divided by 2.
1
Let a = 94 + -60. Suppose 10*q - 9*q - 65 = 0. Calculate the remainder when q is divided by a.
31
Suppose 4*g - 186 = 7*w - 9*w, -4*g + w = -201. What is the remainder when 184 is divided by g?
37
Suppose 0 = -n - 2*v - 0*v + 10, 5*n = 2*v - 10. Suppose 2*c + n = 182. What is the remainder when c is divided by 31?
29
Let c = 285 + -210. What is the remainder when 221 is divided by c?
71
Suppose 0*t + 2*t - 154 = 0. Suppose 0 = -3*v - 0*x - 3*x + 105, -16 = 4*x. Calculate the remainder when t is divided by v.
38
Suppose -d - 2*h = 6 - 16, -72 = -5*d + h. Suppose 0 = o - 2 - 4. What is the remainder when d is divided by o?
2
Suppose -3*l - 3*s = -0*l - 33, -4*l - 2*s = -34. Suppose 2*x - l*x + 80 = 0. What is the remainder when 79 is divided by x?
19
Suppose -5*p + 23 - 7 = 2*b, -2*b + 2*p + 2 = 0. What is the remainder when 50 is divided by b?
2
What is the remainder when (-1)/(-18) + 55288/144 is divided by 9?
6
Let m(w) = w**3 + 5*w**2 - 7*w + 11. Let j be (3 + 30/(-12))/((-1)/12). Suppose 2*a - 49 = a. What is the remainder when a is divided by m(j)?
15
Suppose 36*i + 650 = 46*i. Calculate the remainder when i is divided by 13.
0
Let r be 12*(4 - 80/18)*3. What is the remainder when (-107)/(-5 - r/4) is divided by 37?
33
Let a(r) = 17*r - 81. Let n be (-1)/2*(-1 - 93). Suppose 4*v - n + 7 = 0. What is the remainder when a(7) is divided by v?
8
Let v(p) = 12*p**3 - 3*p**2 + p + 2. Let i be v(2). Suppose m + i = 5*c, 0*m - 5*m - 15 = 0. Calculate the remainder when c is divided by 212/24 + (-2)/(-12).
8
Let g be (8/(-9))/4 - 7/9. What is the remainder when 26 is divided by g + -2*(-2 + -2)?
5
Let s = 7 - 2. Suppose 348 - 310 = 19*p. Calculate the remainder when s is divided by p.
1
Let q(x) = -2*x**3 + 10*x**2 + 7*x - 4. Let t be q(5). Calculate the remainder when t + 12/(-3) + 0 is divided by 6.
3
Let o(i) = 4*i**3 + 2*i**2 - 2*i + 1. Let r be o(1). What is the remainder when (2 + 1)*(r - -4) is divided by 4?
3
Let f = -158 + 181. Suppose 2*u - 4*u = -6. What is the remainder when f is divided by u*(-8)/(-9)*3?
7
Let o(f) = f**3 + 6*f - 2. Calculate the remainder when o(3) is divided by 16.
11
Let i = 2 + 29. Calculate the remainder when i + -4 + 3 + 1 is divided by 0/1 + (7 - -1).
7
Let f(o) = 24*o**2 + 2*o - 2. Let d(s) = -767*s**2 - 65*s + 65. Let y(a) = 2*d(a) + 65*f(a). Calculate the remainder when y(1) is divided by 14.
12
Suppose -8*p + 32 = -0. Suppose -5 = -2*y - 2*n + 25, -p*n = 16. What is the remainder when y is divided by 9?
1
Suppose 0 = -v + 2 - 1. Suppose -v = -2*k + 27. Let s = 42 - -12. What is the remainder when s is divided by k?
12
Suppose 22 - 17 = i. Let w = 34 + -11. Calculate the remainder when w is divided by i.
3
What is the remainder when -16 + 15 + (-255 + 0)/(-3) is divided by 49?
35
Suppose 3*j - 7 - 50 = 0. Suppose -j*w + 11*w + 120 = 0. Suppose 0 = -p - 1 + 74. Calculate the remainder when p is divided by w.
13
Let r(i) = -69*i**3 + 2*i**2 + 2*i + 1. Calculate the remainder when r(-1) is divided by (30